uppose 5*i - 131 = -2*b, 10 + 55 = b + 3*i. What is the remainder when 380 is divided by b?
40
Suppose -10*c + 12 = -9*c. Suppose c*l = 9*l. Suppose -3*f - 2*i = -l*i - 177, 180 = 3*f + 3*i. Calculate the remainder when f is divided by 16.
9
Let c(q) = -2*q**3 - 9*q**2 - 8*q - 2. Let k be c(-3). What is the remainder when 50 is divided by 1 + (16 + 7 - k)?
21
Suppose 57*i - 2249 = 658. Calculate the remainder when 1068 is divided by i.
48
Let g = 5053 + -3870. Calculate the remainder when g is divided by 17.
10
Let h(z) = 701*z**3 - z**2 + 3*z - 3. Let a be h(1). Let f = a + -583. Calculate the remainder when f is divided by 26.
13
Let c = -125 - -119. Calculate the remainder when 109 is divided by (c + (-28 - -6))/(0 + -1).
25
Let f = 13978 + -12337. What is the remainder when f is divided by 137?
134
Suppose -2571 = -j + 4*z, 68*z - 69*z + 2581 = j. What is the remainder when j is divided by 19?
14
Suppose -2*b - 4*r = -2060, r - 5139 = -5*b + 2*r. Suppose 5*s - b + 1013 = 0. Calculate the remainder when 146 is divided by s.
2
Suppose -3*g = 2*z - 231, 483 = 6*g - 10*z + 7*z. What is the remainder when g is divided by 31?
17
Let b = 2330 + -2283. Calculate the remainder when 449 is divided by b.
26
What is the remainder when (-1838)/(-14) + 38/(-133) + -3 is divided by 102/(-9)*3*-1?
26
Let u(z) = 9*z**2 + 46*z + 574. What is the remainder when u(-23) is divided by 84?
77
Let o be 1 + 1 + (3 - 5). Suppose 5*f + 14 + 1 = o, 0 = -5*m + 4*f - 613. Let q = -61 - m. Calculate the remainder when q is divided by 13.
12
Calculate the remainder when 1327 is divided by ((-4896)/168)/(24/(-84)).
1
Let k = -77 + 135. What is the remainder when k is divided by 0*(-1)/(-9) + 3?
1
Let c(y) be the second derivative of y**4/2 + y**2/2 + 8*y. Let t be c(-2). Let v = -22 + t. Calculate the remainder when 11 is divided by v.
2
Suppose -2*d = 6 - 48. Suppose -5*x - 4*n + 243 = 0, x - n - d = 24. What is the remainder when x is divided by 17?
13
Suppose 747 = 3*s + o, -310*o + 314*o = 5*s - 1245. Calculate the remainder when s is divided by 119.
11
Calculate the remainder when 374 is divided by 80/(-15)*(-1755)/78.
14
Let q = 74 + -51. What is the remainder when 9/15 - 2880/(-75) is divided by q?
16
Suppose 2749 + 7943 = 54*t. Suppose -3*n - 2*y = -85, -5*y - 115 = -3*n - 44. Calculate the remainder when t is divided by n.
9
Let h(b) = 3*b + 44. Let q be h(-8). What is the remainder when 22/((30/q)/3) is divided by 11?
0
Suppose -n = -5*n - 16. Let u = -5 - n. Let h(a) = -29*a - 4. Calculate the remainder when 96 is divided by h(u).
21
Suppose 1100 = 11*s - s. Let u(c) = 18*c**3 + c**2 - c. What is the remainder when s/66 - (-2 + 182/(-6)) is divided by u(1)?
16
Let d = -3214 + 3257. What is the remainder when 1074 is divided by d?
42
Suppose 4054 + 88390 = 121*a. Calculate the remainder when a is divided by 16.
12
Calculate the remainder when 17/(170/1065)*(4 + (2 - 0)) is divided by 158.
7
Suppose 37*l = 440 + 929. Let f = 8 + -5. Suppose 2*d = f*w + 152, 0*d + 5*w = 4*d - 300. Calculate the remainder when d is divided by l.
33
Suppose 28*r - 247 = -51. What is the remainder when 36 is divided by r?
1
Suppose 3*x + 6 = 6*x. Calculate the remainder when (-12)/x*(-4 + (-7)/(-14)) is divided by 15.
6
Let i(o) = -15*o + 2604. Calculate the remainder when i(72) is divided by 30.
24
Suppose -30*y = -36*y + 1284. Let n = -156 + y. What is the remainder when n is divided by 32?
26
Suppose -4*r - 100 - 144 = 0. Let m = 54 - r. Suppose 0 = -5*q + 2*s + m - 16, -q = s - 24. Calculate the remainder when 62 is divided by q.
20
Let w = -6049 - -6080. Calculate the remainder when 244 is divided by w.
27
Calculate the remainder when 6029 is divided by (26/(-4) + (-81 - -88))/(2/40).
9
Suppose -64*x - 54*x - 495 = -123*x. What is the remainder when 198 is divided by x?
0
Suppose -473*s = -475*s - 5*o - 1, 0 = -16*s - 5*o + 237. What is the remainder when 8411 is divided by s?
13
Let p be 6*(-12)/9*-1. Let r(v) = 14*v**2 + 140*v - 157*v + 0*v**3 - p + v**3. Calculate the remainder when 64 is divided by r(-15).
20
Let j(h) = 6*h**2 + h - 1. Let a be j(-1). Suppose 0*x - 4 = x - 3*s, 3*x = a*s - 12. Calculate the remainder when 26 is divided by 1*17/4 + 1/x.
2
What is the remainder when 3691 is divided by 78 + -4 + (-10 - -3 - -10)?
72
Let p(a) = -18*a**2 + 739*a + 31. What is the remainder when p(40) is divided by 52?
11
Suppose -122*x - 110 = -127*x. Calculate the remainder when 280 is divided by x.
16
Suppose 3*s = -h + 4*h - 48, -h + 5*s + 36 = 0. Suppose t = h + 32. What is the remainder when t is divided by ((-3)/9*(-9 + -1))/((-196)/(-882))?
13
Let h(w) = 2*w**2 + 44*w - 88. What is the remainder when -3 + 10 + (12/(-4) - -87) is divided by h(-24)?
3
Suppose -121638 - 190468 = -199*a + 810055. What is the remainder when a is divided by 12?
11
Suppose 6*f = -98 + 110. Suppose 0 = 2*l + 4*k - 22, f*l - 18 - 12 = -2*k. Calculate the remainder when 302 is divided by l.
17
Suppose 2*q + 2*m - 23 = q, 0 = 2*q - 3*m - 39. Suppose -7*k + q*k = 1512. What is the remainder when k is divided by 22?
20
Let m = -161 - -148. Calculate the remainder when -4*m/104*(109 - -1) is divided by 26.
3
Suppose 15 = 3*o + 6*y, -52*o - 3*y = -53*o + 30. What is the remainder when 20664 is divided by o?
9
Let f = 24 + 25. Let g = -48402 - -48409. Calculate the remainder when f is divided by g.
0
Let s(r) = 2*r**3 + 21*r**2 + 7*r + 10. Let a be ((-12)/(-2))/((-39)/52). Let d = a - 2. Calculate the remainder when s(d) is divided by 9.
4
Suppose -u + 13 - 3 = -2*v, -3*u = 3*v - 57. Let z = -2 + 1. Let s = 4 + z. What is the remainder when u is divided by s?
1
Suppose -30 = -4*r + 34. Let m(x) = 38*x**2 - 8*x + 16. Let y be m(2). Let b = y + -148. Calculate the remainder when r is divided by b.
0
Suppose 0*q + 315 = 9*q. Suppose 0 + 4 = -z - 2*x, 4*z + 2*x = 8. Suppose 3*y = -2*k + 40, 28 = -y + 4*y - z*k. What is the remainder when q is divided by y?
11
Let m = -5997 + 8911. What is the remainder when m is divided by 2914?
0
Let k = 268 - -1045. What is the remainder when k is divided by 21?
11
Suppose 288145 = 23*l + 232002. What is the remainder when l is divided by 79?
71
Suppose 1103 = 42*x + 137. Let f = -972 + 1038. Calculate the remainder when f is divided by x.
20
Suppose -3*l = -26*g + 27*g - 163, 4*l - 232 = -5*g. Let n(u) = 4*u - 6. Calculate the remainder when l is divided by n(4).
3
Let x(q) = -78*q**3 + 4*q**2 + 69*q + 197. Calculate the remainder when x(-4) is divided by 138.
9
Suppose -33 = 4*l + 183. Let o = 13488 - 13641. Let y = l - o. Calculate the remainder when y is divided by 20.
19
Let n = -3289 + 3621. Calculate the remainder when n is divided by 191.
141
Let t(v) = -113*v - 524. What is the remainder when 651 is divided by t(-7)?
117
Suppose -161*t + 159*t + 17916 = 5*z, t - 14328 = -4*z. Calculate the remainder when z is divided by 33.
16
Let a = 19 - 8. What is the remainder when a is divided by 26/5 + (-26)/130?
1
What is the remainder when 5240 is divided by (-84)/(-3)*36105/(-1044)*(-9)/5?
11
Let r = 40 - 29. Calculate the remainder when r is divided by (-924)/(-198) - 16/24.
3
Suppose -89970 + 7890 = -342*n. What is the remainder when 479 is divided by n?
239
Let r(z) = -11*z - 9. Let w = 5547 + -5510. What is the remainder when r(-9) is divided by w?
16
Suppose 3*x = -19*x - 13*x. Let v(p) = -3*p**2 + 9*p + 26. Let z(m) = 25*m + 2. Calculate the remainder when z(4) is divided by v(x).
24
Let n = -12 + 13. Let f(x) = -4 + 6*x - n + 11*x + x**2. Calculate the remainder when 49 is divided by f(-18).
10
Calculate the remainder when 1619 is divided by ((-6)/5)/((-22)/(-110)) + (-3 - -144).
134
What is the remainder when 29278 is divided by 21/(-49)*1 - (-3428)/28?
120
Suppose -331*a + 338*a = 7035. Suppose -a = -10*v + 845. Suppose -i = 2*b - 64, 0 = -2*b - b - 4*i + 101. What is the remainder when v is divided by b?
30
Let f = -38766 + 38977. What is the remainder when f is divided by 204?
7
Let f = -118 + 118. Suppose -l + 0*w = -5*w - 24, -l - 2*w + 17 = f. Calculate the remainder when l is divided by 12.
7
Let v = -232 + 237. Let t(b) = -12*b + 101. Calculate the remainder when t(v) is divided by 23.
18
What is the remainder when 325 is divided by 47/((-3619)/210)*-1